{"id":155,"date":"2014-10-18T03:34:06","date_gmt":"2014-10-18T03:34:06","guid":{"rendered":"http:\/\/catherinesylvain.com\/blog\/?page_id=155"},"modified":"2019-01-26T16:12:30","modified_gmt":"2019-01-26T16:12:30","slug":"a-demi-eveille-a-demi-endormi","status":"publish","type":"page","link":"http:\/\/catherinesylvain.com\/blog\/?page_id=155","title":{"rendered":"\u00c0 demi \u00e9veill\u00e9, \u00e0 demi endormi"},"content":{"rendered":"<p>2004, Interventions urbaines, Centre artistique Caravans\u00e9rail, Rimouski<\/p>\n<p><a href=\"https:\/\/i2.wp.com\/catherinesylvain.com\/blog\/wp-content\/uploads\/2014\/10\/33_Demi_eveille.jpg\"><img loading=\"lazy\" src=\"https:\/\/i2.wp.com\/catherinesylvain.com\/blog\/wp-content\/uploads\/2014\/10\/33_Demi_eveille.jpg?resize=900%2C600\" alt=\"33_Demi_eveille\" width=\"900\" height=\"600\" class=\"alignnone size-full wp-image-269\" srcset=\"https:\/\/i2.wp.com\/catherinesylvain.com\/blog\/wp-content\/uploads\/2014\/10\/33_Demi_eveille.jpg?w=900 900w, https:\/\/i2.wp.com\/catherinesylvain.com\/blog\/wp-content\/uploads\/2014\/10\/33_Demi_eveille.jpg?resize=300%2C200 300w\" sizes=\"(max-width: 900px) 100vw, 900px\" data-recalc-dims=\"1\" \/><\/a><\/p>\n<p><a href=\"https:\/\/i1.wp.com\/catherinesylvain.com\/blog\/wp-content\/uploads\/2014\/10\/34_Demi_eveille.jpg\"><img loading=\"lazy\" src=\"https:\/\/i1.wp.com\/catherinesylvain.com\/blog\/wp-content\/uploads\/2014\/10\/34_Demi_eveille.jpg?resize=900%2C600\" alt=\"34_Demi_eveille\" width=\"900\" height=\"600\" class=\"alignnone size-full wp-image-270\" srcset=\"https:\/\/i1.wp.com\/catherinesylvain.com\/blog\/wp-content\/uploads\/2014\/10\/34_Demi_eveille.jpg?w=900 900w, https:\/\/i1.wp.com\/catherinesylvain.com\/blog\/wp-content\/uploads\/2014\/10\/34_Demi_eveille.jpg?resize=300%2C200 300w\" sizes=\"(max-width: 900px) 100vw, 900px\" data-recalc-dims=\"1\" \/><\/a><\/p>\n<p><a href=\"https:\/\/i1.wp.com\/catherinesylvain.com\/blog\/wp-content\/uploads\/2014\/10\/32_Demi_eveille.jpg\"><img loading=\"lazy\" src=\"https:\/\/i1.wp.com\/catherinesylvain.com\/blog\/wp-content\/uploads\/2014\/10\/32_Demi_eveille.jpg?resize=900%2C600\" alt=\"32_Demi_eveille\" width=\"900\" height=\"600\" class=\"alignnone size-full wp-image-308\" srcset=\"https:\/\/i1.wp.com\/catherinesylvain.com\/blog\/wp-content\/uploads\/2014\/10\/32_Demi_eveille.jpg?w=900 900w, https:\/\/i1.wp.com\/catherinesylvain.com\/blog\/wp-content\/uploads\/2014\/10\/32_Demi_eveille.jpg?resize=300%2C200 300w\" sizes=\"(max-width: 900px) 100vw, 900px\" data-recalc-dims=\"1\" \/><\/a><\/p>\n","protected":false},"excerpt":{"rendered":"<p>2004, Interventions urbaines, Centre artistique Caravans\u00e9rail, Rimouski<\/p>\n","protected":false},"author":1,"featured_media":0,"parent":0,"menu_order":0,"comment_status":"closed","ping_status":"open","template":"","meta":{"spay_email":""},"_links":{"self":[{"href":"http:\/\/catherinesylvain.com\/blog\/index.php?rest_route=\/wp\/v2\/pages\/155"}],"collection":[{"href":"http:\/\/catherinesylvain.com\/blog\/index.php?rest_route=\/wp\/v2\/pages"}],"about":[{"href":"http:\/\/catherinesylvain.com\/blog\/index.php?rest_route=\/wp\/v2\/types\/page"}],"author":[{"embeddable":true,"href":"http:\/\/catherinesylvain.com\/blog\/index.php?rest_route=\/wp\/v2\/users\/1"}],"replies":[{"embeddable":true,"href":"http:\/\/catherinesylvain.com\/blog\/index.php?rest_route=%2Fwp%2Fv2%2Fcomments&post=155"}],"version-history":[{"count":3,"href":"http:\/\/catherinesylvain.com\/blog\/index.php?rest_route=\/wp\/v2\/pages\/155\/revisions"}],"predecessor-version":[{"id":364,"href":"http:\/\/catherinesylvain.com\/blog\/index.php?rest_route=\/wp\/v2\/pages\/155\/revisions\/364"}],"wp:attachment":[{"href":"http:\/\/catherinesylvain.com\/blog\/index.php?rest_route=%2Fwp%2Fv2%2Fmedia&parent=155"}],"curies":[{"name":"wp","href":"https:\/\/api.w.org\/{rel}","templated":true}]}}